/4 - u**3/2 + 9*u**2/2 - 3*u. What is the tens digit of m(w)?
1
Let c = 146 - 228. Let z = 132 + c. What is the tens digit of z?
5
Suppose -44*m = -6551 - 295113. What is the tens digit of m?
5
Let i(r) = 4786*r + 5042. What is the hundreds digit of i(9)?
1
Let n be 2*4/(-16)*0. Suppose -4*l - g + 2076 = n, 643 - 3238 = -5*l - 3*g. What is the tens digit of l?
1
What is the hundreds digit of 1650224/102 - 6/9?
1
Let b = 703 - 366. Let p = b + -11. What is the hundreds digit of p?
3
Let f = 8 + -7. Let h(s) = 6*s**3 - 21*s + 28*s**3 + 13*s**3 + 1 + 57*s**3 + 19*s. What is the hundreds digit of h(f)?
1
Let t be (36/(-10))/(14/(-10) - -1). Suppose o + t*o = -70. Let m = o + 59. What is the tens digit of m?
5
Let r = 299 + -299. Suppose r = -4*f + 3*b + 7544, 0 = -5*f + b + 3932 + 5498. What is the thousands digit of f?
1
Suppose 0 = 3*c + 2*c - 20. Suppose 48*p - 53*p = -3*j + 3, -2*j = 3*p + 17. What is the tens digit of (163 - p) + (-15)/3 + c?
6
Let v = 1754 - 1148. Let t = v - 148. What is the tens digit of t?
5
Let v = -295 - -189. Let z = -57 - v. What is the tens digit of z?
4
Let l(m) = -12*m - 231. Let y be l(-35). Let h = 301 + y. What is the hundreds digit of h?
4
Suppose 4*b - 269 = 5*b. Let x = b - -286. What is the tens digit of x?
1
Suppose -2*c + 4*v - 990 = 0, 3*c - 5*v + 855 = -627. Let q = c + 566. What is the units digit of q?
7
What is the thousands digit of 99/(-9) - -9 - -18767?
8
Suppose -47*d - 79055 = -40530 - 249555. What is the units digit of d?
0
Let t = -2080 - -6620. What is the hundreds digit of t?
5
Let j = 35562 + -14565. What is the units digit of j?
7
Let r = -1567 - -7275. What is the tens digit of r?
0
Let g(j) = 1247*j + 2350. What is the hundreds digit of g(24)?
2
Let i = 14423 - 12370. What is the tens digit of i?
5
Suppose -3619500 = -132*o + 777288. What is the tens digit of o?
0
Let v(o) = -38*o - 33. Let w be v(-1). Suppose -6558 = -w*x + 627. What is the thousands digit of x?
1
Suppose 10*i - 2*i = 0. Suppose 5*n - 37 + 12 = i. Suppose 3*r - n*j = 56, -65 = -3*r - 5*j + 11. What is the units digit of r?
2
Suppose -3*z = 3*n - 4*n + 8, z - 2 = -2*n. Suppose n*g - 206 = 178. Let w = g - 65. What is the hundreds digit of w?
1
Let b = -8725 - -17997. What is the hundreds digit of b?
2
Let m = -225 + 142. Let s = -110 - m. What is the units digit of (-58)/18 + 3 + (-33)/s?
1
Suppose -3152 = 33*c + 11929. Let k = -429 - c. What is the units digit of k?
8
Let y(k) = -k**3 - 18 - 15 + 16*k**2 - 9*k + 13. Let q(s) = -4*s**3 + 4*s**2 + 4*s - 25. Let f be q(-2). What is the units digit of y(f)?
0
Let c(n) = 1103*n**2 + 3*n + 22. Let p be c(-3). Suppose -22*i + 2*i + p = 0. What is the units digit of i?
7
Let l(f) = -f. Let i be l(-7). Let x(c) = 0 - 1 - 9 - 10*c - i*c. What is the units digit of x(-3)?
1
Suppose j - 3 = -p, 2*p = -4 - 0. Suppose -2*v - 784 = -j*q + v, 2*q = v + 314. Suppose -q + 14 = -i. What is the tens digit of i?
4
Let a(h) = 11*h**3 + 6*h - 2238. Let s(y) = 6*y**3 + 3*y - 1119. Let p(z) = -4*a(z) + 7*s(z). What is the thousands digit of p(0)?
1
Let p(i) = 37*i**2 + 3*i. Let g be p(-2). Let s be 5 - 1 - (-34 - -97). Let m = s + g. What is the units digit of m?
3
Let f be ((0*(-1)/4)/(-2))/(-3). Suppose 4*b = f, 4*b = -2*c - 0*c + 1508. What is the units digit of c?
4
Suppose -3*h + d + 32331 = 0, 0 = -3*h + 8*d - 5*d + 32319. What is the units digit of h?
9
Suppose 2*a - 1418 - 998 = 0. What is the tens digit of a?
0
Suppose 16*u + 41*u - 1175148 = 5*u. What is the tens digit of u?
9
Let o be 6/(-10)*10/(-2). Suppose -5*v = -i + 233, -599 = -o*i - 9*v + 4*v. What is the units digit of i?
8
Let f be (5 - 69/12)/((-3)/12). Suppose 7*h + f*h - 30 = 0. Suppose 0 = -5*y - 5, 0*y - h*y - 631 = -4*k. What is the tens digit of k?
5
Let z = -15560 + 33922. What is the ten thousands digit of z?
1
Suppose 4*w - 10 = -w. Suppose -m + w*m - 4*n - 15 = 0, -8 = -4*n. Suppose 2*h = m + 7. What is the tens digit of h?
1
Let o = 411 + -786. Let x = o + 245. Let w = x - -265. What is the units digit of w?
5
Suppose -13*o + 18*o = -3*a + 381, 3*o = -9. Let u = a - -18. What is the units digit of u?
0
Let k(z) = -z**2 + 9*z + 15. Let m be k(10). What is the hundreds digit of 168*(54/14 + m + -8)?
1
Suppose 2*t + 1083 - 6932 = -803. What is the thousands digit of t?
2
What is the tens digit of 192/72 - 614530/(-3)*28/70?
4
Let x(p) = 10 - 5*p - 7 - p**3 - 6 + 12*p**2. Let k = -217 - -223. What is the tens digit of x(k)?
8
Let g = 13943 - 9450. What is the thousands digit of g?
4
Suppose 2*f - 6*f = -56. Suppose 11*s = 13*s - f. Suppose a = 23 + s. What is the units digit of a?
0
Let x be (-242)/(-4)*(20 - -60). Suppose -8382 = -22*a + x. What is the tens digit of a?
0
Let f = -950 + 2520. What is the tens digit of f/(-8)*12/(-3)?
8
Suppose 64 = 26*b - 30*b. What is the units digit of 3 - (-4)/b*-4?
4
What is the hundreds digit of (-25*15852)/(-15) + -26?
3
Suppose -3*b - 5*z - 1 = 0, 2*b + 4 - 5 = -5*z. Let l(d) = -23*d**3 + 0*d - 2*d**2 - 1 + d + 19*d**3. What is the tens digit of l(b)?
2
Let o(y) = -1500*y + 71. What is the hundreds digit of o(-8)?
0
Suppose 1509*s = 1516*s - 189. What is the hundreds digit of (-1)/(s/(-16152)) - (-4)/(-18)?
5
Suppose -8170 = -14*j + 3996. Suppose -7*s + 2533 = -j. What is the hundreds digit of s?
4
Let m(b) = -b. Let a be m(-8). Suppose 0 = a*y - 4*y - 16. Suppose 4*h = -20, -5*s = -y*h - 316 + 16. What is the tens digit of s?
5
Let d(n) = -2*n + 16. Let t(y) = 7*y - 64. Let h(x) = 5*d(x) + t(x). Let q(k) = -3*k + 6. Let g be q(6). What is the tens digit of h(g)?
5
Let j(x) = 318*x + 430. What is the units digit of j(25)?
0
Suppose 0 = -24*l + 52*l + 162686 - 1018058. What is the tens digit of l?
4
Suppose 102 = -15*i + 9*i. Let n = 30 - -25. Let w = i + n. What is the tens digit of w?
3
Let p(j) be the second derivative of 2*j**3/3 - 3*j**2 + 27*j. Let l be p(-2). Let o(y) = -y**3 - 13*y**2 + 5*y + 17. What is the tens digit of o(l)?
4
Let s be -42*(-6 - -3 - (-18)/14). Let x be 19/6 + (-12)/s. Suppose 0 = 5*o - 3*a - 289 - 227, -x*o = -a - 308. What is the tens digit of o?
0
Let k(t) = 4*t**3 - 11*t**2 + 9*t - 12. What is the units digit of k(8)?
4
Let g be (2 - (1 - 2)) + 11270/14. Let f = -205 - -209. Suppose f*l - g = -4*s, 2*s + 3*l - 1004 = -3*s. What is the tens digit of s?
9
What is the tens digit of 6*29805/50*(-80)/(-48)?
6
Let m = 12980 + 341. What is the thousands digit of m?
3
Let p(l) = -199*l + 269. Let c be p(-13). Suppose -3*d = 5*i - 2*i - c, -i = 3*d - 2846. What is the hundreds digit of d?
9
Let m be (2 - 20)/(-3)*(8 + -7). Let b(o) = o**2 - 2*o - 3. Let k be b(3). Suppose -q - m*q + 343 = k. What is the units digit of q?
9
Let o(w) = 2*w**3 + 20*w**2 - 134*w + 1662. What is the units digit of o(14)?
4
Let a(t) = -t**2 + 15*t + 2. Let m be a(15). Let h be (5 - m)/3 + -5. Let x(c) = 4*c**2 + 4*c - 6. What is the tens digit of x(h)?
4
Let u(x) = x**2 + x + 1. Let a(n) = 18*n**2 - 9*n - 6. Suppose 15 = 5*m - 5. Let d(p) = m*u(p) + a(p). What is the units digit of d(-2)?
6
Suppose 0 = -3*c - c + 3*s + 10, -2*s - 8 = -3*c. Suppose 234 = -c*d + 10*d. What is the units digit of d?
9
What is the ten thousands digit of (-4746)/(-4)*((-1)/2)/(42/(-728))?
1
Let h = 55 - 29. Let s(y) = -y**3 + 11*y**2 - 14*y - 8. Let c be s(10). Let o = h - c. What is the tens digit of o?
7
Let j be (140/21 + -6)*-11610. What is the units digit of (6 + j/(-16))*(-16)/(-6)?
6
What is the units digit of ((-18)/168)/((-4)/361360) + (-6)/21?
9
Let o = 71 + -68. Suppose -o*t - 5*i + 26 = 0, i - 2 + 8 = 5*t. Suppose -5*y + 658 = -4*a, -t*y + 252 = 7*a - 3*a. What is the units digit of y?
0
Let b(m) be the second derivative of 2*m**4/3 + 5*m**3/3 + 7*m**2/2 + 5773*m. Let k be (-4)/(1*(-4)/(-6)). What is the hundreds digit of b(k)?
2
Suppose 4*c + t = 15, 0 = 5*t - 3*t + 10. Suppose 231 = 4*y - c. What is the units digit of y?
9
Let u = 92 + -88. Suppose -4*o - u*o = -3576. What is the units digit of o?
7
Let k = 13 - 10. Let a(r) = 14*r + k*r + 3*r - 1 - 7*r. What is the tens digit of a(2)?
2
Let k(t) = 3001*t + 512. What is the units digit of k(6)?
8
Let d be 102/4*(1 + 1). Suppose -d*k + 54*k = -3. What is the units digit of 116 - k - (9 - 13 - -2)?
9
Let h be (-7 + 9)/1*-4. Let i(a) =